Suppose -2*s + 15 = 3*s. Suppose 8*i - 25 = 3*i, u - i = -3. Suppose u*k - 19 = k + 4*n, -n + 31 = 3*k. Calculate the remainder when k is divided by s.
2
Let z(l) = -l**2 + 5*l - 1. Let v be z(4). Suppose 4*m = v*m - 3*k + 8, -5*k = -4*m + 49. What is the remainder when (-1)/((-1)/41)*1 is divided by m?
8
Let w(l) = l**2 + 29*l + 28. Calculate the remainder when 99 is divided by w(-29).
15
Calculate the remainder when 204 is divided by (1 - 4)/(135/(-4635)).
101
Let n(b) = -125*b - 22. Calculate the remainder when n(-2) is divided by 60.
48
Let s = -87 + 100. Calculate the remainder when 128 is divided by s.
11
Let v be 161/49 + -3 + 33/7. Suppose -3*b + v*k + 63 = -0*b, 2*k = 4*b - 70. What is the remainder when 46 is divided by b?
14
Suppose 280 + 305 = 13*n. Calculate the remainder when 1034 is divided by n.
44
Let r(k) = 2*k**3 - 10*k**2 - 12*k + 3. Let a be r(8). Suppose 3*x - 149 = 4*b, -4*x + b - 88 = -a. What is the remainder when x is divided by 13?
12
Let r = -158 + 291. Calculate the remainder when r is divided by 1*(-6 + -17 + 6)*-2.
31
Suppose 3*j - 99 = -0*g - g, -2*j + 76 = 4*g. Calculate the remainder when 93 is divided by j.
29
Let j(z) be the first derivative of 9*z**2/2 - 19*z - 7. What is the remainder when j(5) is divided by 10?
6
Let h = 16 - 5. What is the remainder when 62 is divided by h?
7
Suppose 0 = v + 4*i + 1, 3 = -5*i - 2. What is the remainder when 3 is divided by v?
0
What is the remainder when 79 is divided by (-9 + 3)/(3/(-27))?
25
Let w be 1170/25 - 8/10. Suppose 3*y + 2*z = w, -4 = y - z - 16. Calculate the remainder when 38 is divided by y.
10
Suppose -114 = -11*a + 18. What is the remainder when 44 is divided by a?
8
Let x(y) = -16*y + 230. Suppose m + 1 = -5. Let l = 8 + m. What is the remainder when x(14) is divided by l?
0
Suppose 4437 = 11*f - 8488. Calculate the remainder when f is divided by 8.
7
Suppose 130 = 2*k + c, 22*c = -k + 24*c + 70. What is the remainder when k is divided by 1/((-1)/(-8))*3?
18
Let x(w) = -14*w**3 + w**2 - 9*w - 13. Calculate the remainder when x(-2) is divided by 63.
58
Suppose -19 + 20 = o. Suppose h + 9 = 28. Let f = h - o. Calculate the remainder when 32 is divided by f.
14
Suppose 0 = -5*i + 232 - 7. Let c = i - 37. Let l = -19 + 41. What is the remainder when l is divided by c?
6
Suppose -2 = 6*n - 4*n - 4*g, 4*n = -3*g + 29. Let j(b) = -5*b + 66. Calculate the remainder when j(n) is divided by 14.
13
Let r = 819 + -696. Calculate the remainder when r is divided by 37.
12
Suppose -5*x - 4*i + 73 = -2*i, -3*x - 3*i + 42 = 0. Suppose 0 = -5*l - 5*f + 50, 5*l - x = -4*f + 34. What is the remainder when 43 is divided by l?
7
What is the remainder when 114 is divided by ((-1247)/(-172))/((-1)/(-4))?
27
Let w(b) = 8*b + 12. Let d be w(4). Let f = d + -37. What is the remainder when 20 is divided by f?
6
Let j be ((-56)/6)/((-10)/75). Let h = 91 - j. Calculate the remainder when 41 is divided by h.
20
Let i be (-3)/(1/((-856)/12)). Let f(v) = v + 2. Let n be f(3). Suppose n*h + 2*w = i, -3*h + 3*w = -24 - 96. What is the remainder when h is divided by 16?
10
Calculate the remainder when 66 is divided by 40/(-4)*(-9)/30 + 12.
6
Let u = -35 + 187. Calculate the remainder when u is divided by 77.
75
Suppose 3 = -4*d - 4*t + 11, -4*d = -t + 2. Suppose d = 5*i - 72 - 18. What is the remainder when 65 is divided by i?
11
Suppose -10*z + 6 = -8*z. Suppose t - z*c - 28 = 0, -t + 0*t + 4*c = -29. Calculate the remainder when t is divided by 7.
4
Suppose 5*f + 586 = 3*o, 2*o + 2*f = -3*f + 424. Calculate the remainder when o is divided by 29.
28
Suppose 3*t - 2*t = 6. What is the remainder when 4/t - (-2189)/33 is divided by 1 + -2 + 18/1?
16
Let w = -62 + 94. Suppose 2*x - w = -2*x. What is the remainder when x is divided by 5?
3
What is the remainder when (-18)/3 - (-17 + -20) is divided by 2?
1
Let d be ((-2)/(-6))/((-3)/(-45)). Suppose d*x - 4 = 3*x. Suppose x*p + 2 - 12 = 0. Calculate the remainder when 14 is divided by p.
4
Let c(y) = -7*y - 17. Suppose -5*p - 10 = -3*p. Calculate the remainder when 34 is divided by c(p).
16
Suppose -5*d = -2*d + 9. Let r(b) = 6*b - 27. Let h be r(5). Calculate the remainder when 10 is divided by h + 0/(-1) - d.
4
Calculate the remainder when 16 is divided by (-1)/((4/(-5))/4).
1
Suppose -8 = -4*d + 20. What is the remainder when ((-1600)/15)/(-16)*(8 - 2) is divided by d?
5
Let l(m) = 11*m**2 - 3*m - 3. Let q = 8 - 4. Suppose q*b - 132 = -4. What is the remainder when b is divided by l(-1)?
10
Suppose -10*d + 85 = -115. Suppose -5*z + 10 + d = -2*n, -2*z - 5*n = -12. Calculate the remainder when 14 is divided by z.
2
Suppose -100 = 3*d - 2*r - 2091, 3*d = 5*r + 2003. What is the remainder when d is divided by 166?
163
Suppose -4*w + 404 = -4*n, n + 174 = -n - 5*w. Let q = 167 + n. What is the remainder when q is divided by 12?
10
Let q be 3 - ((-10)/1)/2. Let t(f) = 12*f - f - q - f + f**2 - 3. Calculate the remainder when t(-16) is divided by 22.
19
Suppose -l + 2 = -0*l. Suppose 3*z + l*z + 70 = 0. Calculate the remainder when -4*(2 + z)/3 is divided by 6.
4
Let m(g) = -g**3 + g**2 + 5*g + 10. Let q(o) = -o**2. Let x(y) = m(y) + 3*q(y). Calculate the remainder when 11 is divided by x(-3).
3
Let i(h) = -h**3 + 5*h**2 - 4*h - 1. Let j be i(5). Let v be (-14)/j + 2/(-3). Let g(r) = -r**3 + 11. Calculate the remainder when 31 is divided by g(v).
9
Let a be 3 - (-502 + (-8)/(-4)). Let j = a - 266. Calculate the remainder when 4/(12/j) + 0 is divided by 27.
25
Let n(h) = 2*h**3 - 2*h**2 + 2. Let y(a) = -a**2 + 12*a + 8. Let j be y(10). Suppose -x + 0*x + j = 0. Calculate the remainder when x is divided by n(2).
8
Suppose -x + 4*o + 9 = 0, -13 = x - 2*x + 2*o. Calculate the remainder when 50 is divided by 289/x*(-2)/(-2).
16
Suppose 22 = 3*d - d. What is the remainder when (14 - -8) + (-1)/(1/2) is divided by d?
9
Suppose -5*w = 5*d - 70, 3*w = -6*d + 7*d + 46. Calculate the remainder when 401 is divided by w.
11
Let f(q) = 2*q**2 - 2 - 99*q + 1 + 56*q + 47*q. What is the remainder when 17 is divided by f(2)?
2
Suppose -a + 4*u + 51 = 0, 2*u - 20 = 7*u. Calculate the remainder when a is divided by 24.
11
What is the remainder when 7790/(-20)*3/(3/(-2)) is divided by 65?
64
Suppose -b + 2*b = 3*q - 103, 2*q - 4*b - 52 = 0. Calculate the remainder when q is divided by 630/(-20)*((-12)/(-9) + -2).
15
Suppose -2*x + 10 = 0, 0*b - 70 = -3*b - 5*x. Suppose 0 = -4*t - 3*c + 576, 0*t - 4*c = t - 131. What is the remainder when t is divided by b?
12
Let r = 12 + -8. Suppose -5*x = s - 89, 52 = r*x + 4*s - 16. What is the remainder when x is divided by 14?
4
Suppose -16*j = -14*j - 70. What is the remainder when 88 is divided by j?
18
What is the remainder when 373 is divided by (38 - (3 - 2)) + (-156)/52?
33
Suppose 7*p - 8*p = 5*n - 355, n + 5*p = 95. Calculate the remainder when n is divided by 14.
0
Let d be (-1)/((-2)/(-10))*2. Calculate the remainder when -3 - (20/(-6))/((-30)/(-405)) is divided by (d/(-6))/((-1)/(-9)).
12
Let c(t) = -t**3 + 19*t**2 - 15*t + 40. Calculate the remainder when c(18) is divided by 25.
19
Let m be (29/(-2) - 2)/(33/88). Let z = -29 - m. What is the remainder when z is divided by 4?
3
Let c = -49 + -29. Let p = c + 97. Calculate the remainder when 55 is divided by p.
17
Suppose 0 = -4*r - 3*c + 34, 3 - 9 = -r - 2*c. Calculate the remainder when (-59)/((-3 - -6)/(-3)) is divided by r.
9
Let z(t) = 94*t - 41. Calculate the remainder when z(3) is divided by 22.
21
Let g = 16 + -10. Let s(r) = r**3 - 4*r**2 + 5*r - 3. Calculate the remainder when s(g) is divided by 17.
14
Suppose -6*p = -p - 2*x - 16, -2*p + 4*x = 0. Calculate the remainder when 27 is divided by p.
3
Let f(w) = -23*w - 303. What is the remainder when f(-17) is divided by 27?
7
Suppose 125 = -n + 331. What is the remainder when n is divided by 69?
68
Let u(q) = 2*q**2 + 6*q - 3. Calculate the remainder when u(-6) is divided by (0 + (-5)/1 - -26) + -3.
15
Let l = 10 + 1. Suppose -l = -4*g + 25. Calculate the remainder when g is divided by 15/(-10)*2 - -8.
4
Suppose 6 = -2*l + 18. Suppose 3*h + 2*x - 56 = l*x, 0 = -2*h + 2*x + 38. What is the remainder when 58 is divided by h?
18
Suppose -101 = -3*h + 49. Let p(s) = -s**3 + 7*s**2 + 5*s - 2. Let a be p(8). Let 